at is the ten thousands digit of 626148103?
4
What is the thousands digit of 74056471?
6
What is the hundred thousands digit of 42005932?
0
What is the millions digit of 441081008?
1
What is the hundred thousands digit of 298147055?
1
What is the ten thousands digit of 1408261706?
6
What is the millions digit of 36150072?
6
What is the millions digit of 33957517?
3
What is the units digit of 892139832?
2
What is the hundred millions digit of 120389663?
1
What is the ten thousands digit of 3231989667?
8
What is the hundred thousands digit of 108364060?
3
What is the millions digit of 1673435060?
3
What is the hundred thousands digit of 78764038?
7
What is the hundred thousands digit of 1004717095?
7
What is the ten thousands digit of 12426645?
2
What is the ten millions digit of 122807484?
2
What is the ten thousands digit of 128401096?
0
What is the ten millions digit of 1289782374?
8
What is the tens digit of 141281400?
0
What is the tens digit of 36866567?
6
What is the hundred thousands digit of 79947969?
9
What is the ten thousands digit of 43014100?
1
What is the thousands digit of 420766806?
6
What is the hundreds digit of 133152274?
2
What is the ten thousands digit of 5704987?
0
What is the tens digit of 112167422?
2
What is the tens digit of 1258506065?
6
What is the hundreds digit of 357693751?
7
What is the millions digit of 181583610?
1
What is the hundred millions digit of 101820456?
1
What is the ten millions digit of 24293990?
2
What is the ten thousands digit of 18204084?
0
What is the hundreds digit of 36136127?
1
What is the hundred millions digit of 3342073464?
3
What is the units digit of 66042563?
3
What is the ten thousands digit of 16590031?
9
What is the tens digit of 194170401?
0
What is the hundred millions digit of 1083451133?
0
What is the thousands digit of 19704027?
4
What is the ten thousands digit of 100216313?
1
What is the units digit of 77295558?
8
What is the units digit of 1730918853?
3
What is the thousands digit of 368816842?
6
What is the thousands digit of 679863781?
3
What is the millions digit of 74606454?
4
What is the hundred millions digit of 6949635385?
9
What is the hundreds digit of 22692501?
5
What is the tens digit of 2621303667?
6
What is the hundred millions digit of 274559087?
2
What is the millions digit of 1256070026?
6
What is the ten thousands digit of 84291820?
9
What is the hundred thousands digit of 30684756?
6
What is the thousands digit of 18075014?
5
What is the ten thousands digit of 45821272?
2
What is the ten thousands digit of 7528222?
2
What is the thousands digit of 467999802?
9
What is the hundred thousands digit of 173411141?
4
What is the tens digit of 38916764?
6
What is the hundred thousands digit of 56249871?
2
What is the thousands digit of 22888338?
8
What is the ten millions digit of 77180659?
7
What is the ten thousands digit of 309790152?
9
What is the hundred millions digit of 119867588?
1
What is the ten millions digit of 510619904?
1
What is the thousands digit of 2526206?
6
What is the ten millions digit of 157497047?
5
What is the units digit of 2294093644?
4
What is the ten thousands digit of 26378650?
7
What is the hundreds digit of 151883677?
6
What is the units digit of 3680947?
7
What is the units digit of 3538500122?
2
What is the hundred millions digit of 191213567?
1
What is the units digit of 131080908?
8
What is the thousands digit of 680555729?
5
What is the thousands digit of 309776680?
6
What is the hundreds digit of 2606961280?
2
What is the ten millions digit of 393182327?
9
What is the hundred millions digit of 6071630167?
0
What is the hundreds digit of 1605492404?
4
What is the units digit of 1087413094?
4
What is the billions digit of 3187556630?
3
What is the hundred millions digit of 109583292?
1
What is the hundred millions digit of 120299678?
1
What is the ten thousands digit of 39632095?
3
What is the billions digit of 1086956599?
1
What is the millions digit of 8064985?
8
What is the tens digit of 510615673?
7
What is the hundred thousands digit of 1344627485?
6
What is the ten thousands digit of 266872762?
7
What is the thousands digit of 38016172?
6
What is the tens digit of 146503397?
9
What is the hundred thousands digit of 1667828080?
8
What is the hundreds digit of 552086963?
9
What is the ten thousands digit of 428957300?
5
What is the units digit of 133359736?
6
What is the thousands digit of 390084429?
4
What is the units digit of 56350954?
4
What is the millions digit of 387536838?
7
What is the hundred thousands digit of 127682442?
6
What is the ten thousands digit of 794096748?
9
What is the thousands digit of 324372341?
2
What is the units digit of 8452032110?
0
What is the hundred thousands digit of 107631013?
6
What is the millions digit of 23563715?
3
What is the hundreds digit of 153658321?
3
What is the units digit of 2956045455?
5
What is the units digit of 4021619304?
4
What is the millions digit of 2879345630?
9
What is the thousands digit of 8731784?
1
What is the ten thousands digit of 50338163?
3
What is the hundred millions digit of 2895616825?
8
What is the ten millions digit of 55811148?
5
What is the ten millions digit of 488009685?
8
What is the hundreds digit of 1063846141?
1
What is the hundred thousands digit of 150033465?
0
What is the ten millions digit of 111446793?
1
What is the ten thousands digit of 69061152?
6
What is the thousands digit of 42475998?
5
What is the hundred thousands digit of 429290608?
2
What is the hundred thousands digit of 28669944?
6
What is the thousands digit of 503936908?
6
What is the hundred thousands digit of 24317104?
3
What is the thousands digit of 299432804?
2
What is the ten millions digit of 1503956445?
0
What is the thousands digit of 606827174?
7
What is the thousands digit of 6918883032?
3
What is the hundreds digit of 10099014?
0
What is the thousands digit of 560402465?
2
What is the hundred thousands digit of 1538971820?
9
What is the thousands digit of 39792053?
2
What is the millions digit of 488450591?
8
What is the millions digit of 1363707032?
3
What is the ten millions digit of 206208892?
0
What is the ten millions digit of 1605308576?
0
What is the thousands digit of 277530651?
0
What is the hundred millions digit of 1012296778?
0
What is the units digit of 729587415?
5
What is the ten thousands digit of 553282308?
8
What is the tens digit of 137231698?
9
What is the ten millions digit of 3464187236?
6
What is the hundreds digit of 53714080?
0
What is the units digit of 294220551?
1
What is the hundred thousands digit of 35930547?
9
What is the millions digit of 70400027?
0
What is the ten thousands digit of 359702979?
0
What is the hundred millions digit of 662135485?
6
What is the ten thousands digit of 534475729?
7
What is the thousands digit of 1543719673?
9
What is the units digit of 1849591529?
9
What is the units digit of 48967415?
5
What is the thousands digit of 679290561?
0
What is the thousands digit of 4671172014?
2
What is the hundred thousands digit of 137586987?
5
What is the hundred thousands digit of 1727545055?
5
What is the tens digit of 467483731?
3
What is the units digit of 3500584161?
1
What is the millions digit of 25340931?
5
What is the hundred thousands digit of 2449617793?
6
What is the hundred thousands digit of 28256871?
2
What is the ten thousands digit of 114941689?
4
What is the billions digit of 6852903946?
6
What is the units digit of 48140139?
9
What is the thousands digit of 28801276?
1
What is the ten millions digit of 2769171379?
6
What is the ten thousands digit of 87055535?
5
What is the units digit of 11928781?
1
What is the hundred thousands digit of 1105682962?
6
What is the units digit of 73733034?
4
What is the ten millions digit of 190137018?
9
What is the thousands digit of 64654050?
4
What is the thousands digit of 1129979311?
9
What is the units digit of 6637186?
6
What is the thousands digit of 252017436?
7
What is the ten thousands digit of 2694100674?
0
What is the millions digit of 28431963?
8
What is the hundred millions digit of 1394473709?
3
What is the units digit of 1235656157?
7
What is the hundred millions digit of 430184205?
4
What is the ten millions digit of 3225762850?
2
What is the 